362
What is -2003 (base 5) in base 4?
-3331
What is -604 (base 14) in base 12?
-824
Convert -2246 (base 7) to base 9.
-1108
Convert -a714 (base 12) to base 9.
-27087
What is 12423 (base 5) in base 8?
1734
12120120 (base 4) to base 2
110011000011000
-1946 (base 12) to base 6
-22130
Convert 222303 (base 5) to base 7.
31552
What is -11002312 (base 4) in base 11?
-14584
What is 272a8 (base 11) in base 15?
b824
142263 (base 7) to base 13
c525
Convert 100102210 (base 3) to base 9.
10383
Convert -440 (base 7) to base 10.
-224
-1710 (base 11) to base 8
-4215
What is -21425 (base 6) in base 3?
-11001222
What is -1101220 (base 3) in base 6?
-4423
What is -1313202 (base 4) in base 8?
-16742
Convert 22 (base 12) to base 4.
122
What is 12112 (base 3) in base 14?
a9
What is -101110210 (base 3) in base 11?
-5811
-ac0 (base 13) to base 16
-736
6244 (base 8) to base 4
302210
What is -123020 (base 8) in base 14?
-116c8
-1011000 (base 2) to base 8
-130
Convert 53636 (base 7) to base 8.
32053
What is 10101010011 (base 2) in base 15?
60d
Convert -2212 (base 8) to base 13.
-6b5
Convert 1209 (base 11) to base 15.
707
-9 (base 13) to base 9
-10
Convert 418 (base 9) to base 10.
341
552 (base 8) to base 3
111102
Convert -1222 (base 7) to base 15.
-207
Convert 461 (base 9) to base 3.
112001
2143221 (base 5) to base 9
56156
102 (base 8) to base 14
4a
What is 27 (base 16) in base 10?
39
211013 (base 5) to base 13
3261
What is 110011010 (base 2) in base 6?
1522
What is -3533 (base 7) in base 9?
-1702
Convert -1911 (base 12) to base 5.
-44122
Convert 12210 (base 3) to base 16.
9c
-5121 (base 9) to base 12
-2201
Convert -73c (base 14) to base 15.
-651
Convert 14332 (base 5) to base 6.
5345
-897 (base 14) to base 15
-786
Convert 6600 (base 9) to base 12.
2990
What is -110011111110100 (base 2) in base 7?
-140405
Convert 428 (base 12) to base 10.
608
-854 (base 13) to base 4
-112031
What is 550 (base 8) in base 15?
190
268a (base 11) to base 5
102421
Convert -30c5 (base 13) to base 5.
-204002
-1303554 (base 6) to base 3
-10121011221
Convert 110110100 (base 3) to base 11.
6906
What is 434 (base 6) in base 13?
ca
1000110101010 (base 2) to base 15
1517
What is -54bc (base 14) in base 7?
-60525
Convert 43434 (base 6) to base 12.
357a
Convert -31000 (base 4) to base 12.
-594
Convert 900 (base 13) to base 15.
6b6
Convert -424 (base 11) to base 10.
-510
Convert 1110110010 (base 2) to base 3.
1022001
What is 1d695 (base 14) in base 6?
1341015
Convert b128 (base 13) to base 6.
304454
What is 82b (base 14) in base 2?
11001000111
What is -143 (base 9) in base 13?
-93
39 (base 11) to base 5
132
Convert -1817 (base 12) to base 5.
-43044
Convert 2140 (base 10) to base 11.
1676
-33252 (base 6) to base 7
-16346
What is -172a (base 11) in base 13?
-1010
-19922 (base 12) to base 7
-214436
Convert -21543 (base 9) to base 15.
-4380
What is -1031131 (base 4) in base 12?
-2a51
Convert -10100 (base 3) to base 9.
-110
What is 12000121 (base 3) in base 11?
2829
Convert 547 (base 15) to base 7.
3322
What is -22101233 (base 4) in base 8?
-122157
What is 325 (base 10) in base 14?
193
Convert 477 (base 10) to base 9.
580
-2530 (base 7) to base 8
-1670
Convert 82a (base 14) to base 3.
2012111
-25021 (base 6) to base 14
-14b3
What is 507 (base 9) in base 15?
1c7
What is 101210021 (base 3) in base 16?
1eb8
Convert 342 (base 12) to base 8.
742
Convert 5b (base 14) to base 5.
311
What is -2207 (base 9) in base 13?
-982
Convert 2356 (base 7) to base 3.
1012101
Convert 11110001000 (base 2) to base 5.
30203
What is 1b39 (base 14) in base 2?
1001101010111
Convert -2776 (base 10) to base 5.
-42101
-ea5 (base 16) to base 14
-151b
What is -1733 (base 8) in base 11?
-818
100111111001 (base 2) to base 8
4771
What is 399 (base 15) in base 3?
1010100
What is 1400 (base 15) in base 14?
17b5
88b5 (base 13) to base 10
19076
Convert -201320 (base 4) to base 15.
-998
What is -5126 (base 7) in base 8?
-3370
Convert -893 (base 11) to base 9.
-1418
Convert 10031001 (base 4) to base 10.
17217
Convert -265 (base 8) to base 4.
-2311
What is -5ee (base 15) in base 9?
-1758
-2714 (base 8) to base 9
-2028
What is 4101 (base 10) in base 11?
3099
110201001 (base 3) to base 14
3538
What is 4cb (base 13) in base 4?
31023
What is 3a02 (base 11) in base 15?
1820
What is -1001110110000 (base 2) in base 13?
-23a9
32231 (base 9) to base 12
10417
Convert -12312 (base 4) to base 6.
-2010
Convert -3013 (base 12) to base 8.
-12117
What is -3b8 (base 13) in base 5?
-10113
What is -3832 (base 14) in base 9?
-14447
What is -3302 (base 6) in base 4?
-23312
16bb (base 15) to base 5
124101
Convert -1618 (base 10) to base 7.
-4501
131116 (base 7) to base 3
1020111021
738 (base 12) to base 9
1388
What is 32303 (base 4) in base 6?
4215
-1465 (base 8) to base 13
-4b2
What is 1dbd (base 14) in base 9?
7435
What is -10211 (base 6) in base 3?
-1212221
1090 (base 10) to base 8
2102
-3231333 (base 4) to base 10
-15231
What is -432 (base 8) in base 4?
-10122
What is 2004 (base 6) in base 7?
1162
What is -169 (base 13) in base 12?
-194
What is -ed1 (base 16) in base 14?
-154d
What is -9db (base 15) in base 16?
-8b7
What is b47 (base 14) in base 11?
1738
What is -4540 (base 6) in base 2?
-10000101100
Convert -63a0 (base 12) to base 7.
-43560
What is 192c (base 16) in base 6?
45500
What is 15346 (base 8) in base 12?
3b9a
What is -6432 (base 9) in base 14?
-1a19
11133 (base 5) to base 3
1002101
-47d (base 15) to base 11
-846
1010010000111 (base 2) to base 13
2513
-2277 (base 13) to base 15
-1670
What is -427 (base 14) in base 8?
-1463
Convert 8463 (base 11) to base 9.
16325
1000001001110111 (base 2) to base 5
2032044
What is -1abb (base 12) in base 8?
-6357
Convert -111111111 (base 2) to base 8.
-777
21212021 (base 3) to base 15
1a71
20663 (base 7) to base 4
1100111
Convert 1103 (base 14) to base 2.
101101111111
What is -1259 (base 11) in base 10?
-1637
What is 21314 (base 7) in base 10?
5303
Convert 1354 (base 6) to base 16.
166
Convert -4535 (base 6) to base 2.
-10000101011
What is -10000100010 (base 2) in base 12?
-742
What is 272 (base 16) in base 15?
2bb
Convert 6050 (base 7) to base 9.
2775
926 (base 14) to base 12
105a
Convert 24027 (base 10) to base 16.
5ddb
-5528 (base 12) to base 9
-13785
43043 (base 6) to base 4
1123203
What is 28699 (base 12) in base 10?
56277
What is 184b (base 14) in base 12?
264b
What is 10 (base 9) in base 5?
14
Convert -30222 (base 4) to base 3.
-1010000
211302 (base 4) to base 10
2418
What is -16213 (base 7) in base 13?
-2104
-e03 (base 16) to base 14
-1443
Convert 7640 (base 9) to base 11.
4254
-51510 (base 6) to base 2
-1101011100010
Convert -122221 (base 3) to base 11.
-400
What is 6595 (base 10) in base 3?
100001021
5186 (base 9) to base 8
7334
What is -1c7 (base 15) in base 8?
-634
Convert -14320 (base 5) to base 3.
-1122211
Convert 41 (base 7) to base 5.
104
Convert 102436 (base 7) to base 14.
6656
What is 112 (base 15) in base 12?
182
Convert 2071 (base 8) to base 6.
5001
Convert 11221022 (base 3) to base 5.
103344
Convert -1001111111001100 (base 2) to base 3.
-2002010010
-1112220 (base 3) to base 7
-3204
Convert 16407 (base 8) to base 5.
214211
2233 (base 6) to base 2
1000001101
591 (base 14) to base 8
2123
Convert 5060 (base 7) to base 6.
12045
Convert 20012112 (base 3) to base 9.
6175
What is 6166 (base 9) in base 15?
1510
Convert -3c4 (base 16) to base 5.
-12324
-21132232 (base 4) to base 2
-1001011110101110
Convert -11120 (base 3) to base 9.
-146
What is 1575 (base 10) in base 14?
807
20130 (base 5) to base 10
1290
What is -12033003 (base 4) in base 16?
-63c3
What is -122202 (base 3) in base 6?
-2115
What is 1434 (base 9) in base 8?
2074
What is -1003213 (base 4) in base 9?
-5837
Convert 2224 (base 8) to base 15.
532
Convert -32c (base 15) to base 11.
-5a2
What is -11211 (base 3) in base 8?
-202
What is -15662 (base 9) in base 10?
-10748
Convert -200000 (base 7) to base 10.
-33614
-1377 (base 16) to base 6
-35023
What is 11333002 (base 4) in base 13?
b209
406d (base 14) to base 9
16163
481 (base 9) to base 7
1105
What is 33213200 (base 4) in base 14?
19452
What is 1120122102 (base 3) in base 16?
7970
What is -2a05 (base 13) in base 2?
-1011111001001
Convert 122011010 (base 3) to base 15.
3a89
-10222221 (base 3) to ba